e -4*k - 4 = 2*o - 30, 3*k = m*o. Calculate p(o).
8
Let i(f) = f**3 + 5*f**2 - f - 3. Let a be i(-5). Let l(o) be the first derivative of o**2 - 2*o - 11. Give l(a).
2
Let r(c) = c**2 - 2*c + 2. Let x be r(2). Let t(u) = 0*u - 1 + 2*u + u + u**x. Determine t(-3).
-1
Let j(c) = -2*c + 2. Let g be (-272)/(-72) + 6/27. Determine j(g).
-6
Let o(y) = 2*y**3 - 8*y**2 + 3*y. Let f(v) = -v**3 + 4*v**2 - v. Let i(q) = 5*f(q) + 2*o(q). Let w = -8 - -12. Give i(w).
4
Let v(w) = -4*w - 4. Let h be (-10)/3 + 1/3. Let m = 0 + h. What is v(m)?
8
Let d be (2 - 0) + 2 + -2. Let t(w) be the first derivative of -5*w + 1/4*w**4 + 3/2*w**d - 1 + 2*w**3. What is t(-5)?
5
Let g = 7 + -8. Let q(j) be the first derivative of 9*j**2/2 + j - 6. Give q(g).
-8
Let z(w) = -w**3 - 4*w**2 + 7*w + 6. Let q(v) = v**3 - v**2 - v - 1. Let o(u) = 2*q(u) + z(u). Calculate o(4).
-8
Suppose -4 = 5*w - m + 4, 15 = 5*m. Let f be (w - -4)*(-20)/15. Let a(o) = o**2 + 4*o + 1. Calculate a(f).
1
Let t(a) be the first derivative of a**4/12 - a**3/2 + a**2/2 + 4. Let b(y) be the second derivative of t(y). Give b(-4).
-11
Let i = 1 + 4. Let g(l) = l - 3*l + 4*l + i. Suppose 4*p = 2*a - 26, 4*p - p = -5*a. Give g(p).
-5
Suppose y - 5*z - 1 = 2, -4*z = -2*y. Let w(m) = 5*m**2 - 1. Let u be w(1). Let p = y + u. Let i(t) = -t**3 + 3*t**2 - 3*t. Determine i(p).
-2
Let d(c) = 5*c + 6 + 5 - 5 - 2*c. Let w = 10 + -6. Suppose 16 = -0*k - w*k. Calculate d(k).
-6
Let p(l) be the first derivative of 3*l**2 + l - 2. Determine p(1).
7
Let a = 1 + -1. Suppose 0 = 3*w - 2*w - 4. Let t(o) = o**3 + o - 2*o**2 + w*o**2 + 6 - o**2. Give t(a).
6
Let v(h) be the third derivative of 5*h**4/24 + 13*h**2. Let l be 16/(-12)*3/(-2). Calculate v(l).
10
Let x(o) = 18*o + 1. Let j be x(1). Suppose 4*r - y = -6*y + j, -2*r - y = -5. Let p(a) = 6*a - 1. Determine p(r).
5
Let x(l) = 0*l - 5*l + 4*l + 14. Give x(6).
8
Suppose -4*r = s - 18, 2*s + 4*r - 22 = -s. Suppose -4*u + 5*o - 3 - 1 = 0, -2 = s*u + 3*o. Let x(j) = 1 + 0*j**2 + 5*j + j**2 - 3*j - 7*j**3. Calculate x(u).
7
Let n(z) = z. Let b = 2 - 3. Let p(l) = 2*l + 6. Let c(i) = b*p(i) - 2*n(i). Let g(j) = -j - 1. Let v(w) = 2*c(w) - 11*g(w). What is v(3)?
8
Let y be ((-33)/55)/((-1)/5). Suppose -y*b + 7 = 10. Let z(h) = 13*h**3 + 9*h - 7. Let w(j) = 7*j**3 + 5*j - 4. Let v(r) = 7*w(r) - 4*z(r). Calculate v(b).
4
Let m be -1*(-2 + 0 + 2 + 7). Let i(h) = h**3 + 8*h**2 + 9*h + 8. Calculate i(m).
-6
Let b(y) = y + 5. Let s(z) = 2*z + 11. Let q(c) = -5*b(c) + 2*s(c). Determine q(-5).
2
Let u(o) = o**3 - 3*o**2 - 4*o - 5. Let k be (-13)/(-3) - (-2)/(-6). Let d(w) = -w**3 + 6*w**2 - 5*w. Let c be d(5). Suppose c*n + k*n = 16. Calculate u(n).
-5
Let f = 34 - 46. Let m = -13 - f. Let w(t) be the second derivative of 5*t**3/6 + t**2/2 - t. What is w(m)?
-4
Let b(w) = w**3 + 3*w**2 + 3*w + 2. Suppose r - 5*n - 19 = -r, -47 = -4*r + n. Let c be (-1)/6 - 34/r. Calculate b(c).
-7
Suppose t + 4*q + 10 = 0, -2*t = -q + 4*q - 5. Suppose 2*w + t = -d + 21, 5*w + 4*d = 29. Let a(m) = -8*m**3 - 5*m**2 + 5*m**3 - 3 + 4*m**3. Determine a(w).
-3
Let d(u) = u - 1. Let k be d(5). Let j(n) = -n - 1. What is j(k)?
-5
Let t(a) = -5 - 2*a**3 - 4*a**3 + 7*a**2 + 5*a**3. What is t(7)?
-5
Let n(i) be the first derivative of -i**5/120 + i**4/24 + 2*i**3/3 + 2. Let k(r) be the third derivative of n(r). Calculate k(-3).
4
Let b(l) = -5*l**2 + l + 1. Suppose -4*s - 10 = s. Let h be (-3)/(s - 1) + -2. What is b(h)?
-5
Let c(l) = -l**3 - l**2 - l + 2. Let d be c(0). Suppose 6 + d = p - 4*y, 0 = -y - 3. Let z(n) = n**2 + 5*n - 2. Give z(p).
-6
Let u(a) = 7*a**2 - a + 5. Let c(f) = -15*f**2 + 2*f - 11. Let p(k) = -6*c(k) - 13*u(k). Determine p(1).
1
Suppose 5*z - 4 = 3*z. Let b(c) = 2*c - 6*c**z + 3 - 4 + 0 + 2. Determine b(-1).
-7
Let v(k) be the third derivative of -3*k**2 + 0 + 0*k - 1/12*k**4 - 1/2*k**3. Give v(-3).
3
Let c(q) = -5*q**2 + q - 1. Suppose 0 = -22*g + 31*g - 18. What is c(g)?
-19
Suppose h + 5 = 0, -5*s = -h + 5*h. Let w(r) = -5 - 2 + r**3 - 4*r**2 + 3*r + 1. Determine w(s).
6
Suppose 5 = -2*l + 15. Suppose l*r - 24 = -9. Let v(m) = m - 4. Calculate v(r).
-1
Suppose -t = -6*t - 3*c + 24, -5*t + 26 = 2*c. Let n(p) = -p + 10. Calculate n(t).
4
Let k = -6 - -7. Let u be k*(3 - (3 - 0)). Let a(y) = y - 1. Determine a(u).
-1
Let h(u) = u**3 - 11*u**2 + 9*u + 8. Let t be 1*10/(-3)*(-5 + 2). Give h(t).
-2
Suppose 0 = y + 4*j - 16 - 13, -4*y - 3*j + 51 = 0. Let t be ((-2)/3)/((-3)/y). Suppose -t*d + 2 + 2 = 0. Let a(b) = b. Determine a(d).
2
Let p(u) = 3*u**3 + 55 - 56 - 2*u**3 + 5*u**2 + 5*u. Calculate p(-4).
-5
Let x(t) = -t**3 + t. Let b(o) = -o. Let q be b(-2). Let i(z) = -3*z**3 + 5*z**2 + 3*z - 6. Let a(r) = q*x(r) - i(r). What is a(5)?
1
Let b be (-432)/60 + (-2)/(-10). Let f(l) = l**3 + 6*l**2 - 9*l - 7. What is f(b)?
7
Let u(c) = c**3 - 6*c**2 + 7*c - 4. Let y(f) = 2*f + 32. Let b be y(-14). Give u(b).
-8
Let f(q) = q + 5. Suppose -3*y + 2*y = x, 3*x + 5*y = 6. Let i = -3 - x. Let o be (2/(-4) + 0)*i. Determine f(o).
5
Let k(d) = d**3 - 8*d**2 - 16*d - 8. Let z(y) = y**2 + 2*y + 1. Let b(t) = k(t) + 6*z(t). Give b(4).
14
Let u(q) = 5*q + 2. Let k = 8 - 13. Let n(j) = -4*j - 1. Let w(f) = k*u(f) - 6*n(f). Calculate w(-6).
2
Let r be (-1)/(-4) + 11/4. Let h(s) = -s**3 + 3*s**2 + 4*s - 4. Calculate h(r).
8
Suppose -x + 5 = 3. Let m be x/(7/((-35)/2)). Let k(a) = a**2 + 6*a. Calculate k(m).
-5
Let f(m) = 2*m + m - 6*m. Suppose 0*j - 4*j = 4*a, -2*a - 10 = -3*j. What is f(j)?
-6
Let v(q) = -q + 2*q**3 - q**3 - 2*q + 2*q**2. Let y(k) = -k**2 - 6*k - 5. Let a be y(-5). Suppose a = -r, -2*u - 3*r = 2*u + 12. Determine v(u).
0
Suppose -2*p - p - 15 = 0, t - 25 = 4*p. Suppose 0 = -t*g - 7 - 3. Let m(v) be the second derivative of v**3/2 + 3*v**2/2 - v. What is m(g)?
-3
Let y(o) = 6*o**2 + 7*o - 4*o**2 - 3*o. Suppose -5*k - 87 = -7. Let u be (12/k)/(2/8). Calculate y(u).
6
Let u(d) = 20*d**2 - 7*d - 3*d - 19*d**2 + 6. Calculate u(7).
-15
Let j(l) = 6 + 19*l**2 - 2*l - 14*l**2 - 5. Calculate j(1).
4
Suppose 5*f + 4 = 4*f. Let i(l) be the second derivative of -l**5/20 - 5*l**4/12 - 2*l**3/3 + 2*l. Give i(f).
0
Let c be 4/(-10) - 6/(-15). Let q(o) = -o**3 - 80*o + 80*o + 8 + o**2. Calculate q(c).
8
Let p(b) = b - 1. Suppose -4*y + 6*y + 5*a = 14, -a = 2*y - 6. Let m = 1 + y. What is p(m)?
2
Let x(g) be the third derivative of g**6/24 - g**5/60 - g**2. Let r = -1 + 0. Let i be -1 + 2 + (-3 - r). Calculate x(i).
-6
Suppose -3 = -u + 2, 2*u = x + 8. Let w(l) = x*l - 9*l + 7*l**2 - 5 - l**3 + l + 0*l**2. What is w(6)?
-5
Suppose -5*q - p + 1 = 0, q - 3*p + 6*p = 3. Let w(d) = d**3 + d**2 - 3. Give w(q).
-3
Let p(v) be the first derivative of -1/3*v**3 + v + 1/2*v**2 - 3. Let m(d) = -7*d**2 + 5*d + 13. Let a(o) = -m(o) + 6*p(o). What is a(0)?
-7
Let p(y) = -y**2 - 5*y + 3. Let d(m) = m**2 - 15*m + 21. Let s be d(13). Give p(s).
3
Let m(k) = 4*k**3 - k**2 - 7*k - 10. Let b(u) = 11*u**3 - 4*u**2 - 20*u - 29. Let h(z) = 3*b(z) - 8*m(z). What is h(5)?
-2
Let f(v) = -v. Let b(s) = -7*s - 11. Let d(q) = b(q) - 6*f(q). Suppose -15*t = -16*t - 5. Calculate d(t).
-6
Let g = 14 - 20. Suppose 15 = 3*t - 8*t, -3*n = -t - 9. Let u = n + g. Let a(b) = -b - 1. Give a(u).
3
Let i = 1 - -2. Let s be (i - (3 + -3)) + 0. Let b(p) = -3*p - 4. Determine b(s).
-13
Let b(k) = 3*k - 2. Let d be 8/(-10)*(-45)/18. Calculate b(d).
4
Let s(v) = -v + 10. Let o(n) = n - 11. Let b(i) = 4*o(i) + 5*s(i). Let f be 2/6 - 93/9. Let d be 150/f*2/(-6). Give b(d).
1
Let q(o) be the first derivative of -o**5/120 + o**4/24 + o**3 - 1. Let m(c) be the third derivative of q(c). What is m(5)?
-4
Suppose 0*j - 5*j + 115 = 0. Suppose -4*g + 3*f + j = 0, 2*f = -6 - 4. Let a(t) = 6 - t**2 - 2*t**2 + g*t**2 + 5*t. Determine a(5).
6
Suppose -2*w + 21 = w. Let c(k) = -k**3 + 8*k**2 - 6*k - 4. Let m be c(w). Let p(x) = x - 2. Determine p(m).
1
Let a(u) = 2*u - 2300 + 2300. Determine a(7).
14
Let s(a) = 2*a**3 + a. Let m be s(1). Let p(z) = z**3 - z**2 - 3*z - 4. Let l be p(m). Let f(q) = -q - 6*q + 2 + l*q. Determine f(2).
-2
Let q(c) = -5*c + 18. Let i(p) = 6*p - 20. Let u(m) = 4*i(m) + 5*q(m). Determine u(6).
4
Let b(a) be the second derivative of a**4/12 + 5*a**3/6 + 7*a. Let h(n) = n**3 + 4*n**2 - 5. Let c be h(-4). What is b(c)?
0
Let k = 4 + -6. L